{"id":14,"date":"2024-09-25T16:38:49","date_gmt":"2024-09-25T14:38:49","guid":{"rendered":"https:\/\/ee-steffen.ch\/New\/New\/?page_id=14"},"modified":"2024-11-27T08:13:22","modified_gmt":"2024-11-27T07:13:22","slug":"info","status":"publish","type":"page","link":"https:\/\/ee-steffen.ch\/New\/info\/","title":{"rendered":"Info"},"content":{"rendered":"<h1>\n<p>Darf ich vorstellen? Fabienne Steffen,\u00a0<\/p>\n<p>empathisch, kreativ und ideenreich<\/p>\n<\/h1>\n<p><img decoding=\"async\" src=\"\/wp-content\/uploads\/2024\/11\/Foto-Fabienne-Steffen.png\" alt=\"\"><\/p>\n<div>\n<p>Schon fr\u00fch entdeckte ich meine Leidenschaft f\u00fcr die kaufm\u00e4nnische Arbeit und die M\u00f6glichkeiten, die moderne Technologien bieten. Nach meiner Ausbildung zur Kauffrau konnte ich meinen damaligen Arbeitgeber \u00fcberzeugen, in einen Computer zu investieren und war massgeblich an der Entwicklung eines branchenspezifischen Softwaretools beteiligt. Dies war der Beginn meiner Reise in die Welt der Digitalisierung und effizienten Organisation.<\/p>\n<p>Heute, mit umfassenden Kenntnissen der Microsoft-Tools und einem tiefen Verst\u00e4ndnis f\u00fcr die Herausforderungen der Digitalisierung, unterst\u00fctze ich Unternehmen im Transformationsprozess und beim Aufbau effizienter Strukturen. Mit \u00fcber 25 Jahren Erfahrung in der Buchhaltung und Verwaltung, sowohl im famili\u00e4ren Betrieb als auch an einer Volksschule, bringe ich wertvolles Wissen und praktische L\u00f6sungen mit.<\/p>\n<p><span>Zus\u00e4tzlich habe ich mehrere Jahre Erfahrung als Immobilienbewirtschafterin und habe in diesem T\u00e4tigkeitsfeld den eidgen\u00f6ssischen Fachausweis erworben, was meine Kompetenzen weiter st\u00e4rkt.<\/span><\/p>\n<p><span>Privat bin ich gl\u00fccklich verheiratet und stolze Mutter zweier erwachsener Kinder. In meiner Freizeit geniesse ich die Natur, sei es zu Fuss, mit dem Fahrrad oder auf Skiern. <br \/>Ich koche gerne f\u00fcr meine Familie und meinen Freundeskreis und sch\u00e4tze Momente des Zusammenseins, gerne auch mit einem guten Glas Wein.<\/span><\/p>\n<\/p>\n<\/div>\n<p><!--more--><br \/>\n<!-- {\"type\":\"layout\",\"children\":[{\"type\":\"section\",\"props\":{\"image_position\":\"center-center\",\"padding_remove_bottom\":false,\"style\":\"default\",\"title_breakpoint\":\"xl\",\"title_position\":\"top-left\",\"title_rotation\":\"left\",\"vertical_align\":\"middle\",\"width\":\"default\"},\"children\":[{\"type\":\"row\",\"children\":[{\"type\":\"column\",\"props\":{\"image_position\":\"center-center\",\"position_sticky_breakpoint\":\"m\",\"vertical_align\":\"middle\",\"width_medium\":\"2-3\"},\"children\":[{\"type\":\"headline\",\"props\":{\"content\":\"\n\n<p>Darf ich vorstellen? Fabienne Steffen,\\u00a0<\\\/p>\\n\n\n<p>empathisch, kreativ und ideenreich<\\\/p>\",\"title_element\":\"h1\"}}]},{\"type\":\"column\",\"props\":{\"image_position\":\"center-center\",\"position_sticky_breakpoint\":\"m\",\"vertical_align\":\"middle\",\"width_medium\":\"1-3\"},\"children\":[{\"type\":\"image\",\"props\":{\"image\":\"wp-content\\\/uploads\\\/2024\\\/11\\\/Foto-Fabienne-Steffen.png\",\"image_svg_color\":\"emphasis\",\"margin\":\"default\",\"text_align\":\"center\",\"text_align_breakpoint\":\"m\",\"text_align_fallback\":\"left\"}}]}],\"props\":{\"height_viewport\":60,\"layout\":\"2-3,1-3\"}}]},{\"type\":\"section\",\"props\":{\"height\":\"viewport\",\"height_viewport\":40,\"image_position\":\"center-center\",\"padding_remove_top\":true,\"style\":\"default\",\"title_breakpoint\":\"xl\",\"title_position\":\"top-left\",\"title_rotation\":\"left\",\"vertical_align\":\"middle\",\"width\":\"default\"},\"children\":[{\"type\":\"row\",\"children\":[{\"type\":\"column\",\"props\":{\"image_position\":\"center-center\",\"position_sticky_breakpoint\":\"m\"},\"children\":[{\"type\":\"text\",\"props\":{\"column_breakpoint\":\"m\",\"content\":\"\n\n<p>Schon fr\\u00fch entdeckte ich meine Leidenschaft f\\u00fcr die kaufm\\u00e4nnische Arbeit und die M\\u00f6glichkeiten, die moderne Technologien bieten. Nach meiner Ausbildung zur Kauffrau konnte ich meinen damaligen Arbeitgeber \\u00fcberzeugen, in einen Computer zu investieren und war massgeblich an der Entwicklung eines branchenspezifischen Softwaretools beteiligt. Dies war der Beginn meiner Reise in die Welt der Digitalisierung und effizienten Organisation.<\\\/p>\\n\n\n<p>Heute, mit umfassenden Kenntnissen der Microsoft-Tools und einem tiefen Verst\\u00e4ndnis f\\u00fcr die Herausforderungen der Digitalisierung, unterst\\u00fctze ich Unternehmen im Transformationsprozess und beim Aufbau effizienter Strukturen. Mit \\u00fcber 25 Jahren Erfahrung in der Buchhaltung und Verwaltung, sowohl im famili\\u00e4ren Betrieb als auch an einer Volksschule, bringe ich wertvolles Wissen und praktische L\\u00f6sungen mit.<\\\/p>\\n\n\n<p><span>Zus\\u00e4tzlich habe ich mehrere Jahre Erfahrung als Immobilienbewirtschafterin und habe in diesem T\\u00e4tigkeitsfeld den eidgen\\u00f6ssischen Fachausweis erworben, was meine Kompetenzen weiter st\\u00e4rkt.<\\\/span><\\\/p>\\n\n\n<p><span>Privat bin ich gl\\u00fccklich verheiratet und stolze Mutter zweier erwachsener Kinder. In meiner Freizeit geniesse ich die Natur, sei es zu Fuss, mit dem Fahrrad oder auf Skiern. <br \\\/>Ich koche gerne f\\u00fcr meine Familie und meinen Freundeskreis und sch\\u00e4tze Momente des Zusammenseins, gerne auch mit einem guten Glas Wein.<\\\/span><\\\/p>\\n\n\n<p><\\\/p>\",\"margin\":\"default\"}}]}]}]}],\"version\":\"4.4.12\"} --><\/p>\n","protected":false},"excerpt":{"rendered":"<p>Darf ich vorstellen? Fabienne Steffen,\u00a0 empathisch, kreativ und ideenreich Schon fr\u00fch entdeckte ich meine Leidenschaft f\u00fcr die kaufm\u00e4nnische Arbeit und die M\u00f6glichkeiten, die moderne Technologien bieten. Nach meiner Ausbildung zur Kauffrau konnte ich meinen damaligen Arbeitgeber \u00fcberzeugen, in einen Computer zu investieren und war massgeblich an der Entwicklung eines branchenspezifischen Softwaretools beteiligt. Dies war der [&hellip;]<\/p>\n","protected":false},"author":1,"featured_media":0,"parent":0,"menu_order":0,"comment_status":"closed","ping_status":"closed","template":"","meta":{"_seopress_robots_primary_cat":"","_seopress_titles_title":"%%post_title%% %%sep%% %%sitetitle%%","_seopress_titles_desc":"Fabienne Steffen ist empathisch, kreativ und ideenreich. Mit EE-Steffen in Wolhusen schafft sie deiner Unternehmung mehr Zeit und Fokus f\u00fcr das wesentliche.  Mit den Umfassenden Kenntnissen der Microsoft-Tools hilft sie dir bei der Digitalisierung.","_seopress_robots_index":"","footnotes":""},"class_list":["post-14","page","type-page","status-publish","hentry"],"_links":{"self":[{"href":"https:\/\/ee-steffen.ch\/New\/wp-json\/wp\/v2\/pages\/14","targetHints":{"allow":["GET"]}}],"collection":[{"href":"https:\/\/ee-steffen.ch\/New\/wp-json\/wp\/v2\/pages"}],"about":[{"href":"https:\/\/ee-steffen.ch\/New\/wp-json\/wp\/v2\/types\/page"}],"author":[{"embeddable":true,"href":"https:\/\/ee-steffen.ch\/New\/wp-json\/wp\/v2\/users\/1"}],"replies":[{"embeddable":true,"href":"https:\/\/ee-steffen.ch\/New\/wp-json\/wp\/v2\/comments?post=14"}],"version-history":[{"count":39,"href":"https:\/\/ee-steffen.ch\/New\/wp-json\/wp\/v2\/pages\/14\/revisions"}],"predecessor-version":[{"id":288,"href":"https:\/\/ee-steffen.ch\/New\/wp-json\/wp\/v2\/pages\/14\/revisions\/288"}],"wp:attachment":[{"href":"https:\/\/ee-steffen.ch\/New\/wp-json\/wp\/v2\/media?parent=14"}],"curies":[{"name":"wp","href":"https:\/\/api.w.org\/{rel}","templated":true}]}}